d**2 - 3*d + 1. Let p(f) = -3*g(f) + 2*y(f). Let w be p(3). What is the hundreds digit of (-3096)/(-64)*6 - w/8?
2
Suppose 0 = -5*p + 2*o + 81552 + 39272, 4*p + 3*o - 96673 = 0. What is the hundreds digit of p?
1
Let b(c) = 2*c**3 + 6*c**2 + 21*c - 55. What is the hundreds digit of b(20)?
7
Suppose 144997 + 61761 = 3*k + 5*z, -275703 = -4*k - 3*z. What is the thousands digit of k?
8
Suppose -58 + 66 = b. Suppose -3*k = -5*z + 122, -3*z + b*z - 2*k = 123. What is the units digit of z?
5
Let z = 611 + -1983. Let d = z + 3164. What is the thousands digit of d?
1
Let k(l) = -l**3 + 7*l**2 + 8*l - 3. Let z(w) = -w + 2. Let u(p) = -p**2 + 11*p + 7. Let j be u(12). Let f be z(j). What is the tens digit of k(f)?
5
Let o be (-1650)/(-429) - (-4)/26. Suppose -1097 = -o*z + 211. What is the hundreds digit of z?
3
Suppose -125579 = -5*l + w, 2*l = -4*w - 26743 + 77001. What is the tens digit of l?
1
Let f(h) = h**2 - 4*h + 451. Let u be f(0). Suppose -5*k = 5*m - 421 - 169, 4*k - 3*m = u. Suppose 3*r + k = 409. What is the tens digit of r?
9
Let g be 1/(-7)*844*119/(-34). Suppose 8*k = g + 194. What is the tens digit of k?
7
Let r = 69 + -72. What is the tens digit of (4 - 426/r)/(3/6)?
9
Let v(w) = -w + 88. Let f be v(-4). What is the units digit of (-8)/f - (5 - 156828/161)?
9
Let z(y) = -1139*y + 332. Let v be z(8). What is the hundreds digit of (-330)/(-385) + v/(-14)?
6
Suppose -14*j + 13924 + 39664 + 287480 = 0. What is the hundreds digit of j?
3
Let y = -986 - -10135. What is the units digit of y?
9
Let s(d) = 3*d**2 - 11*d. Let f = 298 + -144. Let j be f/35 - (-9)/15. What is the units digit of s(j)?
0
Let n(m) = -2*m**2 + 2*m + 121. Let g be 14*4/(-8)*(-90)/(-7). Let j = g - -90. What is the tens digit of n(j)?
2
Let h = -10438 + 18412. What is the tens digit of h?
7
Suppose 19*g + 327274 = 24*g - 3*a, 4*a - 65441 = -g. What is the hundreds digit of g/74 - 2/(-4)?
8
Suppose 0 = 33*s - 593012 + 220706. What is the units digit of s?
2
Let k be 9 + -6 - (-1 - 5). Suppose -2*x + 1 - k = -4*h, 3*x + h - 2 = 0. Suppose x*q + 42 = 2*q. What is the units digit of q?
1
Suppose 0 = -141*w + 1476336 - 450279. What is the tens digit of w?
7
Let b(s) = 327*s - 122*s + 2 - 172. What is the hundreds digit of b(9)?
6
Let x be 16*((-12)/(-8) + -1). Suppose 3*w = x*w - 4185. Suppose -17*l + w = -455. What is the tens digit of l?
7
Suppose -96*u - 57*u = -39*u - 3717312. What is the units digit of u?
8
Suppose -430*k + 484*k = 1002186. What is the tens digit of k?
5
Let b(v) be the first derivative of -v**4/4 - 4*v**3/3 + 5*v - 17. Let u be b(-3). What is the units digit of 1/u + (-996)/(-16)?
2
Let m(u) = -u**2 - 17*u + 109. Let k be m(-22). What is the hundreds digit of k - -254 - (-37 + 29)?
2
Suppose -68 = -6*k + 5*k. Let r = k + -64. What is the units digit of (-3)/9 + r/(-6) - -42?
1
Let c = 4544 + 16918. What is the hundreds digit of c?
4
Let w = 113 - 104. Suppose w*r = -0*r + 2*r. Suppose r*o = o - 138. What is the tens digit of o?
3
Let f be (-5)/(352/(-104) - -3). Suppose 5*s - 3*r - 87 = 0, 11*s + 14 = f*s + 4*r. What is the tens digit of s?
1
Suppose 4*x = 9*x. What is the hundreds digit of 1319 + (0 - x) - 2?
3
Let q(w) = 21*w**3 - 3*w**2 + 2*w + 2. Let d(y) = y**2 - y + 2. Let k be d(1). Let t be q(k). Let z = t + -67. What is the units digit of z?
5
Let b = -18455 + 63939. What is the thousands digit of b?
5
Let r(o) = -13*o - 964. Let n(q) = -27*q - 1923. Let s(h) = 2*n(h) - 5*r(h). What is the units digit of s(0)?
4
Let m(i) = 3980*i**2 - 335*i - 995. What is the ten thousands digit of m(-3)?
3
Suppose -6*k = -13*k + 9*k. Suppose 3*v + 3*b - 522 = k, -v + b = v - 348. What is the units digit of v?
4
Let k(w) = 14*w**2 - 2*w + 42. Let t be k(8). Suppose t = 5*p - 283. What is the tens digit of p?
4
Let s(y) = 743*y - 2309. What is the hundreds digit of s(46)?
8
Let b(z) = z**3 - 12*z**2 - 27*z - 10. Let h be b(14). Suppose 9*a - 1635 = h*a. What is the units digit of a?
7
Suppose 35*y - 6817 - 13168 = 0. What is the hundreds digit of y?
5
Let f = 28 - 24. Suppose -m + f*a = -9, 3*m - 2*a - 3 = 14. Suppose -51 - 489 = -m*h. What is the tens digit of h?
0
Let y be (54/(-54))/(1/(-12)). What is the tens digit of -36*y*7/((-224)/18)?
4
Let c = 45205 + -27046. What is the units digit of c?
9
Let n = -15 - -79. Let y = 66 - n. Let u(l) = 32*l - 5. What is the units digit of u(y)?
9
Let c be (6/(-15))/(1/(-5)). Suppose 0 = -c*b + 2, b - 1047 = -5*r + 4*b. Suppose 15*t + r = 22*t. What is the units digit of t?
0
Let q = -142201 - -210902. What is the units digit of q?
1
What is the hundreds digit of 11287*1 - (2 - (22 - 17))?
2
Suppose 5*o + 3*t = 53736, 2*t + t = o - 10740. What is the ten thousands digit of o?
1
Suppose -9304 + 1499 = -4*i + x, 10 = -2*x. What is the tens digit of i?
5
Suppose 5*m - 21 = 3*l - 1, 0 = -2*l + 2*m - 12. What is the hundreds digit of 17/(595/9198) + (-1)/l?
2
Suppose 10*g + 64 = 2*g. Let z(q) = 19*q - 4. Let t be z(4). Let v = t + g. What is the units digit of v?
4
Suppose -5*x = b - 16, b + 2*x - 12 = -5. What is the units digit of -6 + 1348/(1/b)?
2
Let k(y) = -2*y**3 + 18*y**2 + 2*y - 15. Let l be k(9). What is the tens digit of ((-5692)/12 - l)*(-3 - 0)?
3
Suppose 0 = 70*u - 1041020 - 667592 - 1257918. What is the units digit of u?
9
Suppose -14377 = -4*o + 51*h - 48*h, 3*o - 10809 = -3*h. Suppose -2*r = -4*p + r + 2885, -5*p + r + o = 0. What is the hundreds digit of p?
7
Suppose -5*b = -4*i + 18, -5*b - 3*i = 2*i. What is the tens digit of ((-136)/(-51))/(b/(-1107))?
7
Suppose -2*z + 37*a = 33*a - 16754, 4*a = -12. What is the thousands digit of z?
8
Suppose 11*l - 14*l - 2*i = -119556, 2*l + 4*i = 79696. What is the units digit of l?
4
Suppose 31*o + 6715 = 140015. Suppose 19*g - o = -g. What is the tens digit of g?
1
What is the units digit of -6 - (((-2432)/57)/32)/((-2)/(-18669))?
0
Let r(x) = -21*x**3 + 5*x**2 + 6*x + 31. What is the units digit of r(-6)?
1
What is the thousands digit of (7 - (-285)/(-38))*(-24040)/2?
6
Suppose 0 = -2*o - 4*r + 3392, -5*r + 80 = 100. What is the thousands digit of o?
1
Suppose 21*n = -115 + 52. What is the units digit of (5 + n)*(-1)/(2/(-100))?
0
Let w(f) be the second derivative of f**4/6 + 11*f**3/6 + 37*f**2/2 + f + 14. What is the units digit of w(-9)?
0
Let c = -20883 + 29299. What is the units digit of c?
6
Suppose 70*c + 5*u + 44312 = 74*c, -3*c - 3*u + 33261 = 0. What is the hundreds digit of c?
0
What is the hundreds digit of (18 - 854/49)/((-4)/191058*-3)?
0
Let n(o) = -o**3 - 77*o**2 + 136*o - 2582. What is the thousands digit of n(-83)?
7
Suppose -100 = -20*j + 60. Suppose -30*c + 198 = -j*c. What is the units digit of c?
9
Suppose -5*l + 2*n = 9465, 10806 - 3262 = -4*l - 4*n. Let f = -296 - l. What is the hundreds digit of f?
5
Suppose -5*v - 5*n + 4990 = 0, -2*v + 3176 - 1184 = n. What is the units digit of v?
4
Suppose -d + 17*d + 6*d - 63624 = 0. What is the units digit of d?
2
Let s be -1*(-4)/(4/(-4)). Let x be 6 + 254 - s*1. Suppose 4*m + i - 3*i = x, 0 = -2*m + 2*i + 128. What is the units digit of m?
8
Let t(m) = -6*m - 2 + 0*m - 2*m**3 + 10*m + 3*m**3 + 5*m**2. What is the units digit of t(5)?
8
Let v = 34481 + 22353. What is the tens digit of v?
3
Let b = -255 - -317. Let o = b + 80. What is the units digit of o?
2
Let z(j) = -j**2 - 256*j - 648. What is the tens digit of z(-105)?
0
Let d(h) be the second derivative of 181*h**4/12 - h**3/3 + h**2/2 + 5*h. Let b be d(-2). Suppose -6*i = -15*i + b. What is the tens digit of i?
8
Let k(y) = 97*y**2 + 49*y + 122. What is the thousands digit of k(-9)?
7
Suppose 3*o + o + 2*x - 44 = 0, -15 = -3*o + 3*x. Suppose 6*f - o = 3*f. What is the tens digit of 79/(f/3) + -4?
7
Let f be 3*(-3)/(-12)*4. Suppose 0 = 4*y - 208 - 548. Suppose 0*c - f*c + y = 0. What is the tens digit of c?
6
Suppose 0 = -4*c + 12, -2*x - 109*c + 106*c = -10917. What is the thousands digit of x?
5
Let b(t) = -4*t**2 - 2*t + 2. Let o(n) = 3*n**2 + 2*n - 2. Let q(m) = -2*b(m) - 3*o(m). Let s be q(1). What is the tens digit of ((-4)/2 + -153)*s*1?
5
Suppose 4*v + 18 = 7*v. Let b(u) be the third derivative of 7*u**4/6 - 17*u**3/6 - 105*u**2. What is the hundreds digit of b(v)?
1
Let p = -498 + 1950. Suppose -1784*b - p = -1785*b. What is the t